uppose -3*k - l*q = -700 - 572, -k - 5*q = -420. What is the hundreds digit of k?
4
Suppose -14*q = -4*q - 2430. Let c = 757 - q. What is the tens digit of c?
1
Let q = 1699 + -742. Suppose t + 4*t = -2*j + q, -j + 478 = 2*t. What is the units digit of j?
6
Let r(f) = -63*f**3 - 18*f**2 + 15*f + 38. What is the tens digit of r(-5)?
8
Let w(j) = 129*j**2 - 26*j - 30. What is the thousands digit of w(-8)?
8
Let y = -1236 + 4150. Suppose -2806 = -22*s + y. What is the tens digit of s?
6
Let k(x) = -116*x**3 + x**2 + 6*x + 7. Let c be k(3). Let i = -2107 - c. What is the tens digit of i?
9
Suppose -1128406 = -48*s - 152902. What is the hundreds digit of s?
3
Suppose -4*k + w + 92 = 17, -k + 24 = -2*w. Suppose 9*o = -k*o + 33642. What is the units digit of o?
6
What is the units digit of ((12/15)/(8/6548) - -1)*10?
8
Let h(t) = -t**2 + 14*t + 81. Let l be h(-26). Let w = 1727 + l. What is the units digit of w?
8
Let l(m) = 255*m**2 + 472*m - 2290. What is the hundreds digit of l(5)?
4
Let s(m) = -3676*m - 1933. What is the tens digit of s(-4)?
7
Let h = -42 + 177. Let j = h - -1. Suppose 193*l - j = 191*l. What is the units digit of l?
8
Suppose 2*r + 35 = 5*d, 3*d + 10 - 31 = 4*r. Suppose -d*t = -4577 - 1. What is the hundreds digit of t?
6
Let a = -14450 + 36563. What is the ten thousands digit of a?
2
Let s = 106626 + -51870. What is the ten thousands digit of s?
5
Let m(l) = 6361*l - 4808. What is the units digit of m(4)?
6
What is the tens digit of (-4)/(-6)*((-228450)/(-12) + 8)?
9
Suppose 5*s - 388*i = -384*i + 2367, 5*s - 2360 = 5*i. What is the hundreds digit of s?
4
Let c(w) = -w**3 - 4*w**2 - 4*w + 4. Let g be c(-4). Let u = 39 - g. Suppose 3*m + u - 70 = 0. What is the tens digit of m?
1
Suppose -q + 3*v - 294 = 0, 7*v = -5*q + 3*v - 1565. Let u = q + 656. What is the hundreds digit of u?
3
Let d(f) = 13*f**3 - f**2 + 2*f. Suppose -2*y + 15 - 7 = 0. Suppose 4 = -3*i - 8, -y*t + i + 12 = 0. What is the units digit of d(t)?
4
Let m = -55 + 55. Suppose m = -21*z + 14*z + 7189. What is the hundreds digit of z?
0
Let x be (11/2 + -6)/((-1)/168). Let q be ((-10)/(-3))/((x/(-18))/(-7)). What is the hundreds digit of 6/(3/q - (-9)/(-16))?
1
Let w be (-31099)/(-11) - (-34)/(-187). Suppose -q + 12*q - w = 0. What is the tens digit of q?
5
Suppose 0 = -3*d - c + 67, 19 = d - c - 2*c. Suppose 5421 = -d*u + 20557. What is the tens digit of u?
8
Suppose 424513 = 25*q - 984812. What is the ten thousands digit of q?
5
Suppose 0 = -3*j + 2*j + 3440 + 1314. What is the units digit of j?
4
Suppose -52*l = 65*l - 98*l - 974358. What is the ten thousands digit of l?
5
Suppose 14*l + 4328 = 10*l. Let h = -314 - l. What is the tens digit of h?
6
Suppose -126*t + 4*t = -25*t - 3138241. What is the ten thousands digit of t?
3
Let y = 6966 - 5305. What is the thousands digit of y?
1
Let k = 1403 - 144. Let c = k - 722. What is the units digit of c?
7
What is the hundreds digit of ((-14230)/30 - 14)*-9?
3
Suppose -3*q - w = -39679, -5*q + 79*w + 66150 = 77*w. What is the thousands digit of q?
3
Suppose 5*l = -20 + 55. Suppose l - 21 = -2*k. Suppose -k*m = -293 - 8. What is the tens digit of m?
4
Let k(g) = -g**3 + 18*g**2 - 4*g - 133. Suppose 14*i - 226 = -58. What is the units digit of k(i)?
3
What is the ten thousands digit of (-4107)/(((-170)/(-51))/(-10))?
1
Suppose 5*v + 5*n + 289 + 21 = 0, 4*v + 3*n + 243 = 0. Let l = 57 + v. Suppose 130 = 5*g - 4*o, l*g + 3*o = -5*g + 95. What is the tens digit of g?
2
Let l = -344 - -334. What is the tens digit of 4/8 - 565/l?
5
Suppose 2*b = -137*c + 142*c + 44063, 0 = -3*b - 4*c + 66014. What is the tens digit of b?
1
Suppose 2*p + 5*f = 1124, 16 = 3*f + f. Suppose 8*y - 6320 = p. What is the hundreds digit of y?
8
Suppose 0 = -4*k - 3*s + 11776, 5888 = 5*k - 3*k - 2*s. What is the tens digit of k?
4
Let z = -20345 - -31249. Suppose z = 44*v + 14*v. What is the tens digit of v?
8
Suppose 61279 + 11345 = -6*l. What is the units digit of l/(-20) - 4/(-80)*-4?
5
Let a be -4 + 2 - (-14 + (8 - 2)). Suppose 5*z - g = 3632, a*z - z = 2*g + 3634. What is the units digit of z?
6
Let l(q) = 160*q**2 - 26*q + 129. What is the hundreds digit of l(5)?
9
Let c = 363 - -140. Let h = c - 402. What is the units digit of h?
1
What is the units digit of (-1)/(2/(-20452)) - -9*(-17)/(-153)?
7
Suppose 4*b - 37 = 2*r - 1615, -r + 4*b + 789 = 0. What is the hundreds digit of r?
7
Let q(l) = 990*l + 66. Let i(c) = 247*c + 17. Let r(t) = -9*i(t) + 2*q(t). What is the hundreds digit of r(-1)?
2
Suppose 5*x + 4*b = 902, 452 = 2*x + b + 90. What is the units digit of x?
2
Suppose 0 = -j - 2, 3*t = 3*j + j + 20. Suppose -t*r - 476 - 916 = 0. Let g = r + 507. What is the hundreds digit of g?
1
Suppose -54 = -a + 5*q + 76, a + 5*q - 160 = 0. Let i = 309 - a. What is the tens digit of i?
6
What is the ten thousands digit of (-4691947)/(-143) - 20/(-110)?
3
Suppose 5 = k, -32*h + 37280 = -29*h + k. What is the hundreds digit of h?
4
Let f(z) = 24*z**2 + 9*z - 274. What is the hundreds digit of f(-16)?
7
Let b(k) = -234*k + 1460. What is the tens digit of b(-36)?
8
Suppose 4*h - 3717 = 3*j + 4738, h + j - 2126 = 0. What is the units digit of h?
9
Suppose 123*w - 6079429 + 2286847 = 0. What is the ten thousands digit of w?
3
Let n(u) = 6*u**2 + 3*u + 63. What is the thousands digit of n(-36)?
7
Let n(u) = -u - 6. Let r be n(-7). Suppose 0 = 3*h + r - 13. Suppose 0 = 3*o + h*o - 133. What is the units digit of o?
9
Let b = -2353 + 5780. What is the tens digit of b?
2
Suppose 56*g = 57*g + 19. Let w be g + (-5)/((-25)/20). What is the hundreds digit of 716/(-6)*w/10?
1
Let l(k) = k**3 + k**2 + 6*k - 18. Let p be l(8). Let o be p/(-9) - 8/12. Let t = o + 104. What is the tens digit of t?
3
What is the ten thousands digit of (-19)/(57/15) - (-24)/2 - -11436?
1
Let x be 30/(-21) + (-50)/14 + 3. Let s be ((1 - x) + -4)*-19. Suppose -2*w + 3*z + 2*z = -25, -2*w - z + s = 0. What is the tens digit of w?
1
Let n(f) = f**2 + 2*f - 14. Let r be n(4). Suppose -13*z = -r*z - 747. What is the hundreds digit of z?
2
Let s be -1*(-14 - -17)*(-1 + 0). What is the tens digit of (s - 6) + 4 - -1188?
8
Suppose 6*h = 3*h + 30. Suppose h = -r + 31. Suppose -2*m = 3*w - 386, -4*m - 247 = -2*w + r. What is the units digit of w?
0
Suppose -19*p + 6*p - 897 = 0. Let q = p + 68. What is the tens digit of 79/(q*(-5 + 4))?
7
Let d be 391 - 47 - 2*3. Let r = 349 - d. What is the units digit of r?
1
Suppose -4*p - 37 = -53. Suppose -a - 15 = 4*a, -83 = p*x + a. What is the units digit of (x/(-5) - -2)/2?
3
Let c(r) = -4*r + 98. Let j be c(21). Suppose -1167 = -j*x + 13*x. What is the thousands digit of x?
1
Suppose -38*m = -217443 - 196112 - 36555. What is the hundreds digit of m?
8
Suppose -14*v = -43*v - 290. What is the tens digit of 294*v/18*3/(-5)?
9
Let t = 108989 - 53473. What is the thousands digit of t?
5
Let h(n) = 20*n**2 - 36*n - 8. Let o be h(17). Let w be (2/(-5))/((-12)/o). What is the units digit of w/((1/(-3))/((-1)/3))?
2
Suppose -17*y + 21*y + 997 = -5*h, 1 = -h. Let p = 493 + y. What is the hundreds digit of p?
2
Let n(w) = w**2 + 2*w + 1. Let h be n(-1). Suppose h*r = 7*r - 21. Suppose 3*u + 2*z = r*z + 343, 121 = u + z. What is the hundreds digit of u?
1
Let s(q) = 121*q**3 - 7*q**2 - 58*q + 271. What is the hundreds digit of s(4)?
6
Let h(x) = -4*x - 1. Let y be h(-1). Let m(i) = 25*i**2 + 7*i + 2. Let t be m(-3). Suppose -22 - t = -y*w. What is the units digit of w?
6
Suppose -5*q + 8 = -4*i, -i + q - 13 = -3*q. Suppose 0 = t - 4*y - 102, -i*y - 256 = -3*t - y. What is the tens digit of t?
8
Suppose 103*x = -18*x + 1281753. What is the ten thousands digit of x?
1
Let i(j) = 38*j**2 - 6*j + 7. Let u be i(1). Suppose 0 = -u*p + 35*p + 1820. What is the units digit of p?
5
Suppose 5*v + 3*r - 7265 = 0, 0 = 3*v + r - 3712 - 643. Let o = v + -986. What is the tens digit of o?
6
Suppose -2181743 = -233*a + 2425366. What is the ten thousands digit of a?
1
Let s = 38 - 35. Suppose 1 = -s*d + 7. Suppose d*y = -y - 2*q + 448, -2*q + 598 = 4*y. What is the tens digit of y?
5
What is the tens digit of 17*(-10)/(-1020)*179628?
3
Suppose 4*t + 57684 = 3*z - 7297, 0 = -z + 4*t + 21655. What is the tens digit of z?
6
Let t(x) = -2*x - 39. Let j be t(-7). Let p be 15/(-6)*